nd 1337.
191
Let y(o) = 9*o**2 + 232*o - 2. Let w be y(-26). Let a(j) = 3*j**2 - 7*j + 9. Let t be a(6). Calculate the highest common divisor of t and w.
25
Suppose 42*v = 38*v - 84. Let t = 22 + v. Let n be t/5 - (-38)/10. What is the highest common divisor of n and 18?
2
Let o be 0/(-1) - (-1845 + 1782). Let n(w) = -w + 4. Let t be n(-3). What is the highest common divisor of o and t?
7
Suppose 5*x + i - 477 = 0, -3*i - 386 = -4*x - 6*i. What is the highest common divisor of 5 and x?
5
Let b = -101 + 105. Suppose 0*z + b*z - 4*v + 32 = 0, 2*v = -z - 5. Let n be ((-3)/2)/(z/910). What is the highest common divisor of n and 15?
15
Let q = 13603 - 988. What is the greatest common divisor of 15 and q?
15
Let h(r) = 3*r - 34. Let l be h(10). Let x be l/(-18) + (-29)/9. Let c be x/(-2)*560/60. Calculate the greatest common divisor of c and 2.
2
Let d(o) = -9 - o**2 + 0 + 4*o**2 - 3*o + 9*o. Let j be d(-9). Suppose 9*z + j = 12*z. Calculate the greatest common factor of z and 15.
15
Let m(k) = 3*k**3 - 3*k - 6*k**3 + 4*k**3 + 120. Let w(o) = 14*o**2 - 153*o - 11. Let a be w(11). Let y be m(a). What is the highest common factor of 15 and y?
15
Let v be 0 - 3 - 880/(-100) - 3/(-15). What is the greatest common divisor of v and 6?
6
Let d(a) = -5*a**2 + 59*a + 8. Let f be d(11). Suppose 0 = -t, u - 609 = -f*t + 54*t. Calculate the greatest common factor of u and 21.
21
Suppose -8*s - 1254 = -10*s. Let a = -438 + s. What is the highest common factor of a and 126?
63
Let a = 383 + -135. Let p = -242 + a. Calculate the highest common divisor of 87 and p.
3
Let p be 25114/8 - (-363)/132. Calculate the greatest common factor of 2 and p.
2
Let t(v) = -13*v - 239. Let c(u) = -41*u - 717. Let q(l) = -6*c(l) + 17*t(l). Let o be q(-9). What is the highest common factor of 1008 and o?
14
Let q(i) = 14*i**2 - 47*i - 173. Let p be q(-4). Suppose -863 = -12*x - p. Calculate the greatest common divisor of x and 182.
26
Suppose 2*w - 3 = 3*r + 36, -r = 3. Let a = 223241 - 223211. What is the greatest common divisor of w and a?
15
Let p(g) = 4*g - 39. Let l(u) = -3*u + 38. Let w(t) = 6*l(t) + 5*p(t). Let s be w(16). Let n = s + -51. What is the highest common divisor of 35 and n?
7
Let a(s) = 18*s**2 - s + 96. Let t be a(10). Let g = -1275 + t. What is the highest common divisor of 94 and g?
47
Suppose -5*h + 2*h = 9, -5*h + 655 = 2*u. Suppose 0 = 5*d - 19 - 6, -5*r + d + u = 0. Calculate the highest common divisor of r and 102.
34
Let y be ((-1)/(-4))/((-4)/(-32)). Suppose 3*s - 5*n + 476 = 0, 2*s - 6*s + y*n = 616. Let g = 228 + s. What is the greatest common divisor of 38 and g?
38
Suppose -5*d - 5*j + 1149 = -1631, -3*d - j + 1676 = 0. Suppose 98 = k + m, -4*m - 314 - 134 = -4*k. Calculate the highest common divisor of k and d.
35
Let r = -5467 - -5552. Calculate the highest common factor of 45 and r.
5
Let y = -41 - -34. Let n(f) = f**3 + 9*f**2 + 9*f - 5. Let h be n(y). Calculate the greatest common divisor of h and 270.
30
Suppose 5*t + 4*g = 667, -t + 3*g + 48 = -74. Suppose -t - 7 = -23*q. What is the highest common factor of q and 78?
6
Suppose 28 = 8*k - 6*k. Suppose k*j - 9*j = 60. Suppose -l + 58 = 3*n - 0*l, -4*n - 5*l = -92. What is the highest common divisor of n and j?
6
Let z(w) = 276*w**3 + 2*w**2 - 94*w + 189. Let o be z(2). Calculate the greatest common factor of o and 3.
3
Let m be ((-3)/(-12) - (-13)/(-4))*-1. Let y(x) = -x**2 - 20*x - 4. Let g be y(-13). Calculate the highest common divisor of g and m.
3
Suppose -397 = -2*k - 387, 3*a - 24 = 3*k. Calculate the highest common divisor of a and 45084.
13
Let f be 534/(-90)*-6 - (-3)/(-5). Let v = f + -25. Let u(m) = m**2 - 3*m - 8. Let c be u(7). Calculate the highest common factor of c and v.
10
Suppose -24*v + 19*v - 380 = 0. Let d be (-14)/(-4)*v/133. Let y be 4 - (1 + d - (2 - 6)). What is the greatest common divisor of y and 5?
1
Suppose -3*z + 6 = -0*z. Suppose 210 = z*r - 94. Suppose -108*v = 353*v - 131*v - 6270. Calculate the greatest common divisor of r and v.
19
Suppose -5*w = 5*n - 181 - 49, 0 = -4*n - 3*w + 184. Let a = -483 + 897. What is the greatest common divisor of a and n?
46
Suppose 6 = 3*g + 3*o - 63, o + 49 = 2*g. Let p = g - 6. Let b(m) = 3*m**2 + 59*m + 294. Let a be b(-9). What is the greatest common factor of p and a?
6
Let h = -17 - -16. Let z be (103 + h - 1) + 4. Suppose -11*r + 8*r + z = 0. What is the greatest common divisor of 14 and r?
7
Suppose 0 = -91*k - 8061 + 40821. What is the highest common factor of 405 and k?
45
Suppose -16570*h + 79776 = -16552*h. Calculate the greatest common divisor of h and 16.
16
Let a be 1066954/578 + 3/51. What is the greatest common factor of 52 and a?
26
Let r = 3642 + -3158. What is the highest common divisor of r and 748?
44
Let a be (-6)/(9/3) + 266. Suppose 6*t - 193 = 15 - 10. Calculate the greatest common factor of t and a.
33
Let p be (27/18)/(3772/376 - 10). Calculate the greatest common divisor of p and 2773.
47
Suppose -x - 14 = 4*u + 15, x = u - 9. Let q(l) = -l**3 - 12*l**2 + 8*l - 40. Let r be q(x). What is the highest common divisor of r and 5?
5
Let x = -61 + 66. Suppose z = -4, 0 = -x*q + 2*z + 431 + 262. Let d = q - 100. What is the greatest common divisor of 259 and d?
37
Let q(a) = -15*a + 63. Let g be q(8). Let z = g + 66. What is the greatest common factor of 117 and z?
9
Suppose 0 = -g + 2*m + 7, -4*g - 5*m + 94 - 27 = 0. Suppose -3*h + 7 = g. Let b = h - -26. Calculate the highest common factor of b and 12.
12
Let y = 10 + 342. Suppose 0 = -8*a + 27 + 37. Calculate the greatest common factor of a and y.
8
Suppose 21498 = 4*y + 2*c, 5*y - 21118 = 3*c + 5804. Calculate the highest common divisor of y and 297.
33
Let k = 774 - 524. What is the highest common factor of k and 9125?
125
Suppose 0 = 25*j - 12*j - 52. Suppose -j*w + 9*w = 80. What is the greatest common factor of 40 and w?
8
Let w = -14513 - -19778. Calculate the highest common divisor of w and 143.
13
Suppose -39*c - 14 = -278 - 204. Let t be (46/(-8) - 1)*-8. Calculate the highest common factor of t and c.
6
Let c(w) = -518*w + 3317. Let q be c(6). Calculate the greatest common factor of q and 1083.
19
Suppose 0 = -2*z + 5*m + 3, -2*m = -4*z - 3*m + 61. Let x(t) = -37*t - 205. Let r be x(-17). Let s = r - 354. What is the highest common divisor of s and z?
14
Let n = 52 + -127. Let h = -40 - n. What is the highest common divisor of 21 and h?
7
Let j(t) be the first derivative of -t**3/3 - 7*t**2/2 + 51*t - 45. Let i be j(4). Calculate the greatest common factor of i and 2.
1
Suppose -4*w + 200 - 180 = 0, 2*x - 150 = -2*w. What is the greatest common factor of x and 1610?
70
Suppose 70*q - 12*q = 464. Let y be -6*(-1)/5*(46 + -16). What is the highest common divisor of q and y?
4
Let m(q) = -48*q**3 + 5*q**2 - 6*q + 5. Let l be m(2). Let g = l + 391. Calculate the highest common factor of 340 and g.
20
Let w be ((-18)/(-27)*2)/((-8)/(-732)). What is the highest common divisor of 2074 and w?
122
Let u = 5827 - 5614. Calculate the highest common factor of 1562 and u.
71
Let g(j) = -j**3 + 22*j**2 - 23*j + 38. Let k be g(7). Let o be 33 + 0 - (2 - 5). What is the highest common divisor of k and o?
36
Let u = 12929 - 12745. Calculate the greatest common divisor of 1610 and u.
46
Suppose 14 + 12 = -2*w. Let i = 16 + w. Let k be 9/i + 12 + 0. What is the greatest common divisor of k and 60?
15
Suppose 60445 + 19999 = 68*b. Calculate the greatest common divisor of b and 208.
13
Let w be 0 + 198 + -11*(-6)/(-22). Calculate the highest common divisor of w and 4524.
39
Let j(x) = 9*x**2 - 31*x + 101. Let h be j(12). Calculate the greatest common factor of 225 and h.
25
Suppose -12065*o + 12056*o = -189270. What is the greatest common divisor of o and 30?
30
Suppose 101*i = 119*i - 1962. What is the greatest common divisor of 1 and i?
1
Let r(p) = 145 - p + 3*p - 8*p + 3*p. Let t be r(31). What is the highest common divisor of t and 104?
52
Let x be (-6)/(-78) + 97793/247. What is the greatest common divisor of 456 and x?
12
Let t(b) = -6*b**3 + 3*b**2 + 4*b - 6. Let y be t(-3). Suppose -5*q + 241 = 173*x - y*x, 4*q - 194 = -x. Calculate the highest common divisor of 931 and q.
49
Let m(c) = c**2 + 8*c - 4. Let t be m(-9). Let q be (-15 - (1 - 1))/(-3 - 